87210 (base 10) to base 2
-10101010010101010
What is -5af758 (base 16) in base 3?
-102012212201112
Convert -2c4be (base 16) to base 14.
-4a19c
Convert -35bf3 (base 16) to base 8.
-655763
1358811 (base 11) to base 10
2339547
Convert 11010111110111101111 (base 2) to base 10.
884207
What is 3250805 (base 9) in base 13?
491885
What is -21134422 (base 5) in base 6?
-3445411
What is d42f (base 16) in base 9?
82454
Convert -3054460 (base 8) to base 3.
-1112010002202
Convert 428861 (base 13) to base 14.
2c8db7
What is 8dbea7 (base 15) in base 8?
31655465
Convert -14433510 (base 6) to base 13.
-147891
7005000 (base 8) to base 13
4c4525
Convert 40452030 (base 6) to base 9.
2154150
What is 1001011100100111111 (base 2) in base 10?
309567
What is -26b7217 (base 13) in base 12?
-410a870
605e0b (base 16) to base 8
30057013
Convert 348698 (base 11) to base 3.
1001002211211
Convert -144333022 (base 5) to base 8.
-2756056
-6643350 (base 8) to base 3
-10100211011022
Convert -ad151 (base 15) to base 13.
-1636c6
Convert 15144 (base 16) to base 7.
506502
Convert 30303303323 (base 4) to base 9.
6277212
What is -184882 (base 11) in base 15?
-594ab
What is 2412566 (base 7) in base 11?
199917
Convert -d122b (base 16) to base 15.
-11dc2e
Convert 203515540 (base 6) to base 3.
20122212212120
What is -135247 (base 9) in base 16?
-14296
What is -11a954 (base 13) in base 11?
-26a132
43ba7 (base 12) to base 14
24a51
What is -2d5228 (base 14) in base 4?
-12003333110
Convert -282b20 (base 14) to base 8.
-5234070
7604163 (base 10) to base 3
112022022221200
What is 2051031 (base 6) in base 10?
100027
-28981 (base 15) to base 9
-217774
Convert -241986 (base 14) to base 7.
-13326326
What is 70468 (base 16) in base 9?
770747
19cba18 (base 14) to base 16
c44686
What is 1809211 (base 14) in base 6?
1102050331
What is -4794 (base 12) in base 16?
-1f60
Convert -2ab94 (base 15) to base 12.
-6777a
What is 1927f (base 16) in base 3?
12020100021
1503221 (base 7) to base 16
3184a
430032323 (base 5) to base 10
1799088
2011d (base 14) to base 7
440436
3122439 (base 11) to base 15
73c0d9
-3135510 (base 6) to base 9
-252656
Convert -5952cb (base 15) to base 8.
-20223700
-1101001110110000111 (base 2) to base 10
-433543
What is -1001000000000001010 (base 2) in base 15?
-5c5b7
Convert 52626 (base 12) to base 6.
2152050
What is 13105 (base 15) in base 14?
1831a
Convert -12211012212 (base 3) to base 14.
-2daa7
Convert 231121022 (base 4) to base 12.
8b722
What is 267746 (base 8) in base 13?
33b3a
Convert -1227142 (base 9) to base 6.
-22152015
Convert -20a20 (base 15) to base 3.
-12021000110
Convert 93b3f (base 16) to base 7.
5066552
-101000001010100000010110 (base 2) to base 16
-a0a816
94c37 (base 15) to base 14
c3d77
Convert -21414 (base 11) to base 15.
-9342
-112101012 (base 3) to base 4
-2203301
What is -5de48 (base 16) in base 3?
-201112112212
What is -286648 (base 13) in base 10?
-985330
350131343 (base 6) to base 2
11000100110110101101111
Convert -142417 (base 10) to base 2.
-100010110001010001
What is -63932 (base 14) in base 3?
-110012221202
Convert -118329 (base 10) to base 9.
-200276
Convert -133787 (base 11) to base 8.
-631765
What is -3032104 (base 6) in base 5?
-14104303
-205532542 (base 6) to base 7
-42622226
Convert 1acd29 (base 14) to base 3.
1210122102212
-2101022100200 (base 3) to base 4
-10311002031
-12722 (base 9) to base 10
-8606
What is -159839a (base 11) in base 16?
-297fd9
Convert 13115424 (base 6) to base 2.
1101001000010001000
Convert -3244224 (base 5) to base 8.
-155575
-39179 (base 14) to base 3
-21010101100
Convert -13040113403 (base 5) to base 16.
-f34060
Convert -1110729 (base 10) to base 6.
-35450133
What is -121201023 (base 4) in base 7?
-613506
Convert 13030334 (base 5) to base 13.
45a3b
101101001011010101111 (base 2) to base 15
1e3962
-22202022121020 (base 3) to base 15
-61d323
-3063063 (base 7) to base 15
-7426c
What is 100120211112 (base 3) in base 11?
119847
What is e4764 (base 15) in base 14?
14bb67
Convert -58204 (base 9) to base 10.
-38803
-50caa (base 13) to base 16
-2364d
-125bdb (base 16) to base 5
-302000123
What is 8105644 (base 9) in base 5?
2101032443
32621b (base 12) to base 8
3027667
What is 150b67 (base 14) in base 7?
6136360
What is -122120001021121 (base 3) in base 4?
-203211333310
Convert 165036 (base 7) to base 3.
1200012120
What is 16502412 (base 7) in base 2?
110001010001000011011
What is -6655052 (base 7) in base 14?
-175029
What is -8a23cb (base 13) in base 7?
-36501232
What is -1023012 (base 4) in base 8?
-11306
9a214 (base 13) to base 6
5553222
What is -5374604 (base 8) in base 7?
-15145431
28de50 (base 15) to base 7
22515630
Convert -34c0e (base 16) to base 2.
-110100110000001110
-2151255 (base 6) to base 16
-1a573
Convert 12ab35 (base 15) to base 9.
1616275
20653a (base 12) to base 8
1741576
-4152040 (base 7) to base 6
-14415214
What is c855a3 (base 14) in base 2?
11001110110010011111011
-2303524 (base 6) to base 12
-57ba4
Convert 11460211 (base 7) to base 16.
f9bd4
1025335 (base 6) to base 13
19c76
-426b4 (base 13) to base 3
-20002100000
Convert -100222002201 (base 3) to base 16.
-2fe4e
What is -3703346 (base 8) in base 4?
-3320123212
125ff2 (base 16) to base 6
41451014
What is -9299b (base 13) in base 6?
-5350004
What is 1613646 (base 8) in base 16?
717a6
Convert 1930 (base 15) to base 16.
1545
What is -17b31 (base 15) in base 11?
-52752
23ad3 (base 16) to base 5
14134011
What is 5aad8 (base 16) in base 14?
994da
Convert 50501 (base 6) to base 5.
203121
-2232116 (base 7) to base 11
-17a014
-1321021203 (base 4) to base 13
-144b34
-b9140 (base 13) to base 7
-2561146
Convert 10112311210 (base 4) to base 5.
243021431
Convert -33027 (base 10) to base 11.
-228a5
Convert -8c34dc (base 14) to base 2.
-10010001101001110111010
What is -132320522 (base 6) in base 11?
-1542675
Convert -11b6e (base 16) to base 2.
-10001101101101110
Convert 405032344 (base 6) to base 14.
cd10b6
-62a62 (base 13) to base 6
-3445522
abbc8 (base 16) to base 14
1444d2
-30adc2 (base 14) to base 13
-457181
-1058a6 (base 12) to base 10
-258750
What is -294560 (base 11) in base 7?
-3623501
What is 4300100333 (base 5) in base 16?
8923c9
66010 (base 7) to base 11
11414
Convert -6cc5a2 (base 16) to base 3.
-111102011102212
-111133202313 (base 4) to base 12
-1a78673
What is -111101011000101010 (base 2) in base 11?
-1619a7
Convert -66080 (base 12) to base 14.
-37224
-180768 (base 13) to base 4
-2102233122
What is -176294 (base 10) in base 4?
-223002212
Convert 1106c46 (base 13) to base 3.
100210212101210
1343113112 (base 5) to base 8
15235424
Convert 266013 (base 8) to base 15.
1c930
1320011203 (base 4) to base 10
491875
What is 1110001002220 (base 3) in base 13?
20ba01
Convert -94b57 (base 15) to base 12.
-1a8b6a
-55f6f (base 16) to base 9
-586004
-22275550 (base 8) to base 2
-10010010111101101101000
Convert -565625 (base 7) to base 10.
-100469
What is -100010000101001010100 (base 2) in base 13?
-301404
53509 (base 11) to base 15
180c7
Convert -1321408 (base 10) to base 8.
-5024700
10010001011110100110 (base 2) to base 16
917a6
Convert -18961 (base 13) to base 11.
-32958
What is 23281 (base 14) in base 11?
59320
2a367a4 (base 11) to base 8
23670746
-13537a (base 11) to base 3
-101202220210
Convert 30020 (base 12) to base 9.
104326
What is 1021121 (base 7) in base 2?
11101111111101010
Convert -100000100101101 (base 2) to base 16.
-412d
1826425 (base 10) to base 8
6757171
111011001110100111 (base 2) to base 7
2030200
Convert 1a0991a (base 11) to base 7.
40600266
Convert 100111033 (base 4) to base 7.
366013
What is 36619 (base 14) in base 2?
100000011100101111
-4159542 (base 12) to base 2
-101110111110000011000010
22044211 (base 5) to base 9
320348
Convert 7e3e7e (base 16) to base 9.
16510135
-2344499 (base 11) to base 15
-55c120
b21848 (base 12) to base 5
1203002220
Convert -493b0b (base 14) to base 16.
-2642af
What is -40652450 (base 7) in base 5?
-1333023221
What is 11101100010010111000110 (base 2) in base 7?
122546051
What is 351800 (base 9) in base 12?
a2369
-24102533 (base 6) to base 8
-2702331
What is 22021122001 (base 3) in base 8?
476323
Convert -45047 (base 12) to base 13.
-32932
-1022220122222110 (base 3) to base 8
-110635156
7813 (base 10) to base 16
1e85
26672 (base